- 4). Let b(g) = -7*g - 3. Let n be b(p). Suppose -n*d + 414 + 146 = 0. List the prime factors of d.
2, 5, 7
Let i(a) = 12*a + 3534. What are the prime factors of i(-47)?
2, 3, 5, 11
Let k(t) = -t**2 + 11*t - 12. Let v be k(8). Let y = 261 - v. What are the prime factors of y?
3, 83
Let v be 3*(-4)/(-12) + (-4)/4. Let o = v - -3. Suppose 5*q - o*h = -4*h + 469, 3*q - 2*h = 271. List the prime factors of q.
3, 31
Let t = 2962 - 914. Suppose -k - 5*d - 339 = -1375, -2*k + t = 2*d. List the prime factors of k.
1021
Let u(w) = 29*w**2 + 20*w - 8. Let c be (-33 - -31)*(-2 - (-2)/(-2)). List the prime factors of u(c).
2, 17
Suppose -93*r - 8*r + 564767 = -2668748. What are the prime factors of r?
5, 19, 337
Suppose 364*d = -t + 362*d + 5900, 11800 = 2*t - 2*d. What are the prime factors of t?
2, 5, 59
List the prime factors of (-8)/(-14) - (-12300750)/882.
3, 4649
Let v(z) = 7*z + 14. Let t be (-18)/15*15/(-2). Let x be v(t). Let g = x - 5. What are the prime factors of g?
2, 3
Suppose o + 2 = -65. Let x = -60 + 202. Let u = x + o. What are the prime factors of u?
3, 5
Let n(v) be the second derivative of -v**5/20 + 5*v**4/3 - 2*v**3 + 9*v**2 - 5*v + 3. List the prime factors of n(18).
2, 3, 5
Let o be ((-219)/6 - -2)/(3/(-6)). Let k = o - 64. Suppose -k*i = p - 138, -p + i + 119 = -43. List the prime factors of p.
2, 79
Let w = -1595 - -2320. Suppose 4*t + w = 3*s, -24*t = 2*s - 23*t - 476. What are the prime factors of s?
239
Suppose -3*h + 2372 = 4*q, 4*h = -4*q - q + 2964. Let j = q - 256. List the prime factors of j.
2, 5, 17
Let i(v) = 97*v + 7. Let c be i(-15). Let w = -854 - c. Suppose -4*z + 4 = 12, -2*z = -5*r + w. List the prime factors of r.
2, 59
Let x be (5/(-5))/(2/(-20)). Let v be (-6 - 26/(-5))/((-4)/x). Suppose v*u - 78 = 184. List the prime factors of u.
131
Let n(y) = 460*y**2 - 232*y - 2195. List the prime factors of n(-9).
53, 701
Let f = 69 - 62. Let z(v) = v**3 + 8*v**2 + 8*v + 16. List the prime factors of z(f).
3, 269
Suppose -24*x - 1673 = -4529. Suppose 3*y - 3*r - 573 = 0, -r = 5*y + 3*r - 964. Let m = y - x. List the prime factors of m.
73
Suppose 4*p + 16 = -0*p. Let d be (-180)/16 + (-1)/p. Let s(l) = l**2 + 7*l + 26. List the prime factors of s(d).
2, 5, 7
Let u(m) = m**3 + 15*m**2 + 9*m - 30. Let f be u(-14). What are the prime factors of (3/12*-73)/((-2)/f)?
5, 73
Let j(o) = -2*o**2 + 31*o - 40. Let i be j(19). Let a = 419 + i. List the prime factors of a.
2, 3, 41
Suppose -246054 - 40726 = -20*x - 6*x. What are the prime factors of x?
2, 5, 1103
Let w(j) = 440*j + 2963. List the prime factors of w(0).
2963
Suppose 0 = 5*t + x + 1855, t + 3*t + x = -1485. Let l = -11 - t. What are the prime factors of l?
359
Let s be (-12)/(-66) - (-168)/44. List the prime factors of 315 + -2 - (1 + s).
2, 7, 11
Let j(t) = t + 8. Let p = -31 + 22. Let k be j(p). Let o(l) = -94*l**3 - l**2 - 3*l - 2. List the prime factors of o(k).
2, 47
Suppose -7*g = -17*g + 11*g. Suppose -p - 3*p + 20 = g. Suppose 5*j = -5*l + 405, 0 = p*l - 2*l + 9. What are the prime factors of j?
2, 3, 7
Let l(b) = -b**3 - 18*b**2 - 3*b - 19. Let p = -92 + 74. Let c be l(p). What are the prime factors of (c/(-2))/(-7)*2?
5
Suppose 2*o = 7 - 1. Suppose 0 = l + 13*l + 560. List the prime factors of 1*-6*l/o.
2, 5
Let h = -429 - -2250. List the prime factors of h.
3, 607
Let n = 24 + -22. Let g(t) = 10 + 61*t**2 + 62*t**n + t - 120*t**2. List the prime factors of g(5).
2, 3, 5
Suppose 34*x = 22*x - 708. Let m = -427 - -198. Let h = x - m. List the prime factors of h.
2, 5, 17
Let t(q) = 29*q**3 - 11*q - 14 - 17*q**3 - 12*q**2 - 28 - 11*q**3. List the prime factors of t(16).
2, 13, 31
Let k be (-4)/(4/12*1). Let a = k - 6. Let v(q) = -5*q + 4. List the prime factors of v(a).
2, 47
Suppose 0*d - 1640 = -5*d. Suppose d = 6*p - 314. Suppose p = i - 4*y, 6*y - 5*y = -i + 92. What are the prime factors of i?
5, 19
Let h = 12830 - 6579. List the prime factors of h.
7, 19, 47
Let h = -42847 - -88509. What are the prime factors of h?
2, 17, 79
Suppose -1227489 - 60653 = -67*d. List the prime factors of d.
2, 9613
Suppose 92 - 12 = -5*u - 5*x, 0 = -4*x - 20. Let p be (-16)/(8/6*u/66). Let f = p + 21. List the prime factors of f.
3, 31
Let j = -136 - -126. Let f be 368/(-14) + (-6)/(-21). Let u = j - f. List the prime factors of u.
2
Suppose p = 5*u + 390, -4*p + 3*u = -5*p + 350. Suppose -s = -3*j - 368, 18*s - 17*s - 2*j = p. List the prime factors of s.
359
Suppose 11*o + 10 - 1099 = 0. Let m(q) = -8*q - 1. Let l be m(4). Let d = l + o. What are the prime factors of d?
2, 3, 11
Suppose -3 = 3*q - 3*r, -r = -2*q - 3*q + 11. Suppose c + g = 148, -296 = -4*c + 2*c - q*g. What are the prime factors of c?
2, 37
Let r(k) = -k**3 + 8*k**2 - 22*k + 107. Let t be r(7). Suppose 178 + 142 = l - 4*i, -l + 344 = t*i. List the prime factors of l.
2, 3, 7
Let u(m) be the second derivative of m**3/6 + 10*m**2 - m. Let f be u(14). Let a = f + 43. What are the prime factors of a?
7, 11
Let w be (-3 + -1)/(-3 - -2). Let a(y) = 5*y**2 - 2*y - 15. Let s be a(5). Suppose l + 68 = 3*l + 4*r, 5*l = w*r + s. List the prime factors of l.
2, 3
Let i(r) = r**3 + 10*r**2 - 9*r + 26. Let z be i(-11). Suppose 4*v = -z*v + 232. Suppose -2*g - 42 = -2*c, 0 = 3*c - g - 38 - v. List the prime factors of c.
23
Let r be ((-20)/(-12) + -1)*(-18)/(-4). Suppose -448 = r*y + 68. Let c = -79 - y. What are the prime factors of c?
3, 31
Suppose 35*a + 151839 = -47*a + 91*a. What are the prime factors of a?
16871
Let m = -50 + 79. Let w(n) = -10*n**2 + 31*n - 30. Let j be w(1). Let o = m - j. What are the prime factors of o?
2, 19
Let j = 52760 - -8479. List the prime factors of j.
3, 137, 149
Suppose 4*g + 3*r = 75, g + 20*r = 19*r + 20. Suppose -4*i + t + 3021 - 636 = 0, 0 = 3*t + g. List the prime factors of i.
5, 7, 17
Let w = 55 - 55. Let g be 2/(-9) - (6/(-27) + -4). Suppose -4*o + 307 = -a, g*a = -w*o + 4*o - 304. List the prime factors of o.
7, 11
Suppose 0 = -3*q - 2*c + 37, 7*q - 2*q - 60 = -3*c. Suppose q*z - 160 = 641. Suppose 3*w - 4*n - z = -2*w, 4*w - 68 = 4*n. What are the prime factors of w?
3, 7
Let r = 224 - 219. Suppose -5*t + 4*t - 3*f + 582 = 0, 0 = r*f + 15. What are the prime factors of t?
3, 197
Let n be (-2)/(160/(-150) - 2/(-3)). Let l(p) = 5*p**2 + 2*p + 5. Let j(c) = 4*c**2 + 2*c + 6. Let f(v) = n*l(v) - 6*j(v). List the prime factors of f(-10).
109
Suppose -208 + 183 = -5*o. Suppose -16*q + o*q = 1870. Let i = -60 - q. List the prime factors of i.
2, 5, 11
Let n be (6/1)/1*(-209)/(-66). Suppose -4391 = -n*z + 4596. List the prime factors of z.
11, 43
Suppose -2*a + 5774 = 1382. List the prime factors of a.
2, 3, 61
Let h = -28 + 104. Suppose 3*z + z - h = 0. List the prime factors of (-4)/(-1 + -3)*z.
19
Let m(k) = 2*k**2 + k - 28. Let w be m(-5). Suppose 2*o = 3*g + 787, -w*o + 3*g - 398 = -18*o. List the prime factors of o.
5, 79
Suppose 0 = x + 10 - 4. List the prime factors of ((-1360)/(-51))/(x/(-315)).
2, 5, 7
Let q be -3 - 9*(-16)/36*3. Suppose q*l = 7*l + 4. Suppose -w = 5*k - 47, -4*k - 175 = -3*w - l*k. What are the prime factors of w?
3, 19
Let w(k) = 2*k**3 + 8*k**2 - 5*k + 4. Let a be w(-6). List the prime factors of (-294)/105*a/4.
7, 11
Suppose 30 - 294 = -11*i. What are the prime factors of (-8)/i*1*(0 + -627)?
11, 19
Let v be 2736/(-44) - 4/(-22). Let q = -53 - v. Suppose 846 = -0*h + q*h. What are the prime factors of h?
2, 47
What are the prime factors of 1/(12/(-3) - 404910/(-101222))?
43, 107
Let x(r) = 4889*r - 2568. List the prime factors of x(4).
2, 31, 137
Let v(f) = 93*f - 395. Let w(q) = 62*q - 262. Let c(s) = -5*v(s) + 7*w(s). What are the prime factors of c(-16)?
7, 13
Let d(r) = -r**3 + 23*r**2 - 38*r + 21. Let u(p) = 7*p + 131. Let l be u(-16). What are the prime factors of d(l)?
743
Let j = 171 + 7322. List the prime factors of j.
59, 127
Let x(i) = -i**2 + 17*i - 12. Let o(k) = k**2 - 4*k + 3. Let j be o(4). Suppose 2*b - 58 = -4*m, -11 = 5*m - j*b - 78. What are the prime factors of x(m)?
2, 3, 5
List the prime factors of (-95589)/(45/(-5)) + -1 + 7 + -6.
13, 19, 43
Suppose 9 = 3*z, -33*z = -2*l - 37*z + 8436. What are the prime factors of l?
2, 3, 13
Suppose -31*y = -32*y + 11. Suppose -y*k = -19*k + 1184. List the prime factors of k.
2, 37
Let m